Let w be 24/(-9) - 4/(-6). Let m be 2 - (1 - w/(-1)). Suppose o = m*f - 32, 4*f + o - 60 = -8. What is the remainder when f is divided by 7?
5
Let g(a) = -6 + 6 - a**2 + 0*a**2 + 25. Let y be g(0). Suppose 2*p + y = 3*j, -4*j - 2*p + 4 = -34. What is the remainder when 26 is divided by j?
8
Let g(w) = w + 4. Let m be g(-3). Calculate the remainder when 12 is divided by (m + -2)*(-6 + -1).
5
What is the remainder when (-9 - -8)/(2/(-4)) is divided by 1?
0
Let t = -130 - -219. What is the remainder when t is divided by 24?
17
Suppose -d + 2*d = 14. Suppose 0 = 2*h - 102 - d. Suppose -5*f = w + 4*w - 65, -4 = 2*f. What is the remainder when h is divided by w?
13
What is the remainder when 26 is divided by 10/30 + 82/6?
12
Suppose -z = -0*z - 136. Suppose 4*q + 5*i = q + z, 5*q = -5*i + 230. What is the remainder when q is divided by 93/9 + 5/3?
11
Let s be 171/(-2)*24/(-18). Suppose 3*y - 3*g = -85 - 137, -4*g = 5*y + 370. Let d = s + y. Calculate the remainder when d is divided by 14.
12
Suppose b + 0*b + 5*w - 25 = 0, 3*w = 3*b - 21. Let h = 23 - 30. Let z(a) = a**3 + 6*a**2 - 11*a - 10. What is the remainder when z(h) is divided by b?
8
Let s(v) = -v**3 - 4*v**2 - 3*v - 2. Suppose 0*i + 5*i + 3*u - 62 = 0, -i - u = -14. What is the remainder when s(-5) is divided by i?
8
Suppose 3*g = -5*x + 110, -5*x = 2*g - 0*g - 110. Calculate the remainder when 62 is divided by x.
18
Let w = -52 - -57. What is the remainder when w is divided by 2?
1
Suppose 29*z = 27*z + 98. What is the remainder when z is divided by 17?
15
Suppose -3*r + 120 = -18. Calculate the remainder when r is divided by 24.
22
Suppose 5*y - 49 + 4 = 0. What is the remainder when 26 is divided by y?
8
Let r be (-4)/10 - (-1244)/10. Let u = r + -74. What is the remainder when u is divided by 13?
11
Suppose -a - d = -14, -d = -6*a + a + 46. Calculate the remainder when 68 is divided by a.
8
Suppose 240 = -7*w + 17*w. What is the remainder when w is divided by 7?
3
What is the remainder when (-1430)/(-13) - -3*(-2 + 1) is divided by 18?
17
Suppose -2*y + 130 = 2*m, 4*y = y + 3*m + 183. Suppose 0 = -29*a + 22*a + 91. What is the remainder when y is divided by a?
11
Let c = 0 - -3. Suppose 3*a + 4 = -2*l, -a + c*l + 14 = -3. Suppose 0 = -f + 3*p + 1, 2 = a*f - 3*p - 2*p. Calculate the remainder when f is divided by 1.
0
Suppose 10 = -2*l - 0*l. Let i = -5 - l. Suppose 5*f - 157 = 4*z, -5*f + 0*f + 5*z + 155 = i. Calculate the remainder when f is divided by 17.
16
Suppose y = 3*d, -3*d + 0*d = -2*y - 3. Let w = y - -3. Suppose 4*a + 0 = c - 5, c + 3*a - 5 = w. What is the remainder when 18 is divided by c?
3
Suppose z = -0*z + 5*t + 75, -5*t = 3*z - 225. Suppose -v + 6*v - z = 0. Calculate the remainder when 74 is divided by v.
14
Let y(a) = a + 3. What is the remainder when 13 is divided by y(5)?
5
Let q(z) = 5*z. Let g be q(4). Suppose -5*a = 2*l - 25, 4*a - g = -0*a - 3*l. What is the remainder when a is divided by 27/18*8/6?
1
Let j = 31 - -7. Suppose -4*p + 84 = -4*r, r + 4*p = 4*r + 68. Let m = 29 + r. Calculate the remainder when j is divided by m.
12
Let z(g) = -10*g + 12. Suppose -3*j + 0*j - 27 = 0. Let i be z(j). Calculate the remainder when 1/(-2 - i/(-50)) is divided by 7.
4
Let r(v) = -68*v**3 - v**2 - 2*v - 1. Let x be r(-1). What is the remainder when 2/(-4)*x/(-2) is divided by 6?
5
Suppose 3*k - 10 - 29 = 0. Calculate the remainder when (-1 + 51/2)*(0 - -2) is divided by k.
10
Suppose -2*g + 155 = 4*x - 589, -4*g - 16 = 0. Suppose 4*n = -4*z + x, z + 292 = 4*n + 114. Calculate the remainder when n is divided by 12.
9
Suppose 2*w - 129 = -w. What is the remainder when w is divided by 15?
13
Let x be 2 - (0 - 0) - 16. Let v = 24 + x. What is the remainder when 2 is divided by 2/(-10) - (-12)/v?
0
Suppose 4*k = 18 - 2. What is the remainder when 1/((-4)/(-52)*1) is divided by k?
1
Let l(d) = -2*d**3 - 4*d**2 + 4. Calculate the remainder when 10 is divided by l(-2).
2
Let s = 59 + 25. Calculate the remainder when s is divided by 17.
16
Let g = 60 - -89. Let p = -90 + g. Calculate the remainder when p is divided by 15.
14
Let p(i) = -4*i**3 + 3*i**3 + 4*i - 1 + 12*i**2 + 0*i. Calculate the remainder when p(12) is divided by 12.
11
Let a = 64 - 22. Let u = -14 - -29. Calculate the remainder when a is divided by u.
12
Suppose -3*h + 12 = -x, -16 = -6*h + 2*h - 3*x. Let b be 194/7 + (-8)/(-28). Suppose -4 = -h*c + b. Calculate the remainder when 23 is divided by c.
7
Let s(j) = 5*j**2 + 2*j. Calculate the remainder when 8 is divided by s(-1).
2
Let r(x) be the first derivative of x**4/2 - x**3 + x**2/2 + 2. What is the remainder when 16 is divided by r(2)?
4
Let x(g) be the third derivative of g**4/4 + 2*g**2. Let l be x(-3). Let a = l - -33. What is the remainder when 29 is divided by a?
14
Suppose -o = 11*o - 324. Calculate the remainder when 80 is divided by o.
26
Let h = -19 + 35. Let z(j) = -j**2 + 7*j + 7. Calculate the remainder when z(7) is divided by h/(-10)*15/(-6).
3
Suppose 3*g = 11 - 5. Calculate the remainder when 12 is divided by g.
0
Let r = -5 + 10. Suppose 2*x = 35 - r. What is the remainder when 28 is divided by x?
13
What is the remainder when 45 is divided by (-8)/52 + (-903)/(-39)?
22
Let o(w) = -13*w - 4. Calculate the remainder when o(-2) is divided by 6.
4
Suppose 0*d = d + 3*o - 43, -4*d - 5*o + 151 = 0. Calculate the remainder when d is divided by 19.
15
Let o = 59 + -31. Let c = o - 15. Calculate the remainder when c is divided by 5.
3
Suppose 8 = -2*y - 0. Calculate the remainder when -2 + (-2 - y) - -47 is divided by 16.
15
Let w(s) = s**3 - 3*s**2 + 4*s - 1. Let a be ((-2)/(-1) - 2)/1. Let v be 3/9*a - -3. Calculate the remainder when w(v) is divided by 6.
5
Suppose 3*d - 7*d = -36. Calculate the remainder when d is divided by 6.
3
Suppose 3*d + 3 = 15. What is the remainder when 8 + (0 - 1 - 2) + 0 is divided by d?
1
Suppose -2*i + 1 - 11 = 0. Let o be i - -59 - 1*-2. Suppose 5*r = r + o. Calculate the remainder when r is divided by 5.
4
Let u(p) = -17*p**2 - 2*p - 1. Let l be u(-1). Let m = 28 - 14. What is the remainder when 4/l + 322/8 is divided by m?
12
Let y be 44/10 - 8/20. Let i = y - -20. Calculate the remainder when i is divided by 13.
11
Suppose -6*w + 4*w + 4 = 0. Suppose 0*v = -w*v - 198. Calculate the remainder when 46 is divided by v/(-6) + 1/(-2).
14
Let u(q) = q**2 - 7*q - 4. Let c be u(8). Suppose c*b = 6*b - 20. Calculate the remainder when 17 is divided by b.
7
Let b(j) = -4*j**2 - 5*j + 19. Let i(x) = -2*x**2 - 2*x + 9. Let w(h) = 4*b(h) - 9*i(h). Let z = 49 - 30. What is the remainder when w(-5) is divided by z?
17
Let d = -22 - -12. Let q = 22 + d. What is the remainder when 47 is divided by q?
11
Suppose 0 = g + 2, 2*w + 3*g - 6 = 4*g. Suppose 2*n + 5*y - w*y - 42 = 0, 42 = 2*n + 4*y. Calculate the remainder when n is divided by 6.
3
Suppose 0*j + 4*j + 20 = -4*f, -5*f - 19 = -j. What is the remainder when (-4)/(27/33 + j) is divided by 8?
6
Let p(m) = 3*m + 15. Let k be p(-6). What is the remainder when k + 156/4 - 0 is divided by 19?
17
Let x(m) = -m**3 - 6*m**2 + 4*m - 9. What is the remainder when 3/(-2) - (-219)/6 is divided by x(-7)?
11
Let u = 5 + -4. What is the remainder when 51 + -2 + -2 + u is divided by 25?
23
Suppose 0 = 10*m - 4*m - 180. Let w = -13 + m. What is the remainder when w is divided by 9?
8
Let x = -15 + 7. What is the remainder when 13/4 + (-6)/x is divided by 3?
1
Let h(v) = v**3 - 6*v**2 + 5*v - 5. Let l be h(5). Let s(r) = -2*r - 3. Calculate the remainder when 12 is divided by s(l).
5
Let h = 42 + -27. What is the remainder when h is divided by 6?
3
Let y = -38 - -69. Let g(z) = z**2 - 3. Let c be g(-6). Suppose -3*s = -0*s - c. Calculate the remainder when y is divided by s.
9
Let b(d) = d**2 - 2*d. Let p be b(3). Suppose -p*u = -307 - 5. Suppose -2*j + 91 = -3*o, -2*o + u = 3*j - 0*o. What is the remainder when j is divided by 20?
18
Suppose -2*q - 2 = 0, -5*s - 2*q = q - 7. Suppose -s*d + 5*d = 3. What is the remainder when 9 is divided by (-2 - 0) + d + 6?
4
Suppose 3*o + z + 3*z - 122 = 0, o - 43 = z. Let m(w) = 3*w**2 - 2*w + 3. Let p be m(2). Let t = 11 + p. What is the remainder when o is divided by t?
20
Let m(i) be the third derivative of i**3/6 + 2*i**2. Let r(l) = 6*l - 3. Let f